{"id":987,"date":"2018-05-07T18:00:44","date_gmt":"2018-05-07T16:00:44","guid":{"rendered":"http:\/\/www.mediatech21.fr\/?page_id=987"},"modified":"2019-01-24T17:27:22","modified_gmt":"2019-01-24T15:27:22","slug":"ressources-pedagogiques-2","status":"publish","type":"page","link":"https:\/\/www.mediatech21.fr\/?page_id=987","title":{"rendered":"Ressources p\u00e9dagogiques"},"content":{"rendered":"<h2><span style=\"color: #ff6600;\"><strong> Pour l&rsquo;\u00e9veil \u00e0 la foi, utilisez la collection <a href=\"https:\/\/drive.google.com\/open?id=1M-FRu98Drxmj1SM1sDcqJOi5uxcc9Z8I\" target=\"_blank\" rel=\"noopener\">TACTIL\u2019EVANGILE<\/a> pour \u00e9couter ou raconter un r\u00e9cit \u00e9vang\u00e9lique de fa\u00e7on ludique : <\/strong><a href=\"http:\/\/www.mediatech21.fr\/wp-content\/uploads\/2019\/01\/Zach\u00e9e2.jpg\"><img decoding=\"async\" loading=\"lazy\" class=\"alignleft wp-image-1117\" src=\"http:\/\/www.mediatech21.fr\/wp-content\/uploads\/2019\/01\/Zach\u00e9e2.jpg\" alt=\"\" width=\"137\" height=\"128\" srcset=\"https:\/\/www.mediatech21.fr\/wp-content\/uploads\/2019\/01\/Zach\u00e9e2.jpg 1028w, https:\/\/www.mediatech21.fr\/wp-content\/uploads\/2019\/01\/Zach\u00e9e2-300x280.jpg 300w, https:\/\/www.mediatech21.fr\/wp-content\/uploads\/2019\/01\/Zach\u00e9e2-768x718.jpg 768w, https:\/\/www.mediatech21.fr\/wp-content\/uploads\/2019\/01\/Zach\u00e9e2-1024x957.jpg 1024w\" sizes=\"(max-width: 137px) 100vw, 137px\" \/><\/a><a href=\"http:\/\/www.mediatech21.fr\/wp-content\/uploads\/2019\/01\/Brebis-perdue.jpg\"><img decoding=\"async\" loading=\"lazy\" class=\"aligncenter wp-image-1116\" src=\"http:\/\/www.mediatech21.fr\/wp-content\/uploads\/2019\/01\/Brebis-perdue.jpg\" alt=\"\" width=\"138\" height=\"129\" srcset=\"https:\/\/www.mediatech21.fr\/wp-content\/uploads\/2019\/01\/Brebis-perdue.jpg 1028w, https:\/\/www.mediatech21.fr\/wp-content\/uploads\/2019\/01\/Brebis-perdue-300x281.jpg 300w, https:\/\/www.mediatech21.fr\/wp-content\/uploads\/2019\/01\/Brebis-perdue-768x719.jpg 768w, https:\/\/www.mediatech21.fr\/wp-content\/uploads\/2019\/01\/Brebis-perdue-1024x959.jpg 1024w\" sizes=\"(max-width: 138px) 100vw, 138px\" \/><\/a><a href=\"http:\/\/www.mediatech21.fr\/wp-content\/uploads\/2015\/12\/photo_retenue_noel-W.jpg\"><img decoding=\"async\" loading=\"lazy\" class=\"wp-image-628 alignleft\" src=\"http:\/\/www.mediatech21.fr\/wp-content\/uploads\/2015\/12\/photo_retenue_noel-W.jpg\" alt=\"\" width=\"137\" height=\"129\" srcset=\"https:\/\/www.mediatech21.fr\/wp-content\/uploads\/2015\/12\/photo_retenue_noel-W.jpg 1028w, https:\/\/www.mediatech21.fr\/wp-content\/uploads\/2015\/12\/photo_retenue_noel-W-300x282.jpg 300w, https:\/\/www.mediatech21.fr\/wp-content\/uploads\/2015\/12\/photo_retenue_noel-W-1024x962.jpg 1024w\" sizes=\"(max-width: 137px) 100vw, 137px\" \/><\/a><br \/>\n<\/span><\/h2>\n<h2><span style=\"color: #ff6600;\">Pour les commander, <a style=\"color: #ff6600;\" href=\"https:\/\/drive.google.com\/open?id=1K5VvRVu-b1r1y6ktXWps2LmJIqA0pCwc\" target=\"_blank\" rel=\"noopener\">cliquez ici<\/a><a href=\"http:\/\/www.mediatech21.fr\/wp-content\/uploads\/2019\/01\/lappel-des-12.jpg\"><img decoding=\"async\" loading=\"lazy\" class=\"wp-image-1118 alignright\" src=\"http:\/\/www.mediatech21.fr\/wp-content\/uploads\/2019\/01\/lappel-des-12.jpg\" alt=\"\" width=\"155\" height=\"129\" \/><\/a><\/span><\/h2>\n<h2><\/h2>\n<h2><\/h2>\n<h2><span style=\"color: #ff6600;\">Ces documents sont aussi disponibles pour le pr\u00eat au service M\u00e9diatech&rsquo;21. N&rsquo;h\u00e9sitez pas \u00e0 les utiliser !<\/span><\/h2>\n<h1><strong><span style=\"color: #993366;\"><a style=\"color: #993366;\" href=\"https:\/\/librairie-prions.com\/hors-series-magazines\/hors-series-prions-en-eglise\/chemin-careme-2018.html\" target=\"_blank\" rel=\"noopener\">Un chemin de Car\u00eame 2018 propos\u00e9 par Prions en Eglise junior, pour les jeunes <\/a><\/span><\/strong><\/h1>\n<h1><span style=\"color: #800080;\"><img decoding=\"async\" loading=\"lazy\" id=\"image\" class=\"alignnone\" title=\"Chemin de car\u00eame 2018 \" src=\"https:\/\/librairie-prions.com\/media\/catalog\/product\/cache\/27\/image\/275x\/040ec09b1e35df139433887a97daa66f\/c\/h\/chemin-careme-2018.jpg\" alt=\"chemin-careme-2018\" width=\"170\" height=\"170\" \/><\/span><\/h1>\n<h1><\/h1>\n<h1><strong><span style=\"color: #800000;\">Pour le temps <a style=\"color: #800000;\" href=\"http:\/\/www.mediatech21.fr\/wp-content\/uploads\/2018\/02\/Pdapi-soleil-P\u00e2ques-2018.jpg\"><img decoding=\"async\" loading=\"lazy\" class=\"wp-image-946 alignleft\" src=\"http:\/\/www.mediatech21.fr\/wp-content\/uploads\/2018\/02\/Pdapi-soleil-P\u00e2ques-2018.jpg\" alt=\"Pd'api soleil P\u00e2ques 2018\" width=\"185\" height=\"195\" srcset=\"https:\/\/www.mediatech21.fr\/wp-content\/uploads\/2018\/02\/Pdapi-soleil-P\u00e2ques-2018.jpg 2013w, https:\/\/www.mediatech21.fr\/wp-content\/uploads\/2018\/02\/Pdapi-soleil-P\u00e2ques-2018-285x300.jpg 285w, https:\/\/www.mediatech21.fr\/wp-content\/uploads\/2018\/02\/Pdapi-soleil-P\u00e2ques-2018-768x809.jpg 768w, https:\/\/www.mediatech21.fr\/wp-content\/uploads\/2018\/02\/Pdapi-soleil-P\u00e2ques-2018-972x1024.jpg 972w\" sizes=\"(max-width: 185px) 100vw, 185px\" \/><\/a>de Car\u00eame, le n\u00b0131 de Pomme d&rsquo;Api Soleil vous propose de belles id\u00e9es pour parler du pardon aux plus jeunes et les aider \u00e0 se pr\u00e9p<a href=\"http:\/\/www.mediatech21.fr\/wp-content\/uploads\/2018\/02\/Pdapi-soleil-P\u00e2ques-2018-jardin-de-P\u00e2ques.jpg\"><img decoding=\"async\" loading=\"lazy\" class=\"wp-image-945 alignright\" src=\"http:\/\/www.mediatech21.fr\/wp-content\/uploads\/2018\/02\/Pdapi-soleil-P\u00e2ques-2018-jardin-de-P\u00e2ques.jpg\" alt=\"Pd'api soleil P\u00e2ques 2018 jardin de P\u00e2ques\" width=\"167\" height=\"189\" srcset=\"https:\/\/www.mediatech21.fr\/wp-content\/uploads\/2018\/02\/Pdapi-soleil-P\u00e2ques-2018-jardin-de-P\u00e2ques.jpg 2073w, https:\/\/www.mediatech21.fr\/wp-content\/uploads\/2018\/02\/Pdapi-soleil-P\u00e2ques-2018-jardin-de-P\u00e2ques-264x300.jpg 264w, https:\/\/www.mediatech21.fr\/wp-content\/uploads\/2018\/02\/Pdapi-soleil-P\u00e2ques-2018-jardin-de-P\u00e2ques-768x872.jpg 768w, https:\/\/www.mediatech21.fr\/wp-content\/uploads\/2018\/02\/Pdapi-soleil-P\u00e2ques-2018-jardin-de-P\u00e2ques-902x1024.jpg 902w\" sizes=\"(max-width: 167px) 100vw, 167px\" \/><\/a>arer \u00e0 P\u00e2ques.<br \/>\n<\/span><\/strong><\/h1>\n<h1><strong><span style=\"color: #800000;\">N&rsquo;h\u00e9sitez pas \u00e0 venir l&#8217;emprunter au service M\u00e9diatech&rsquo;21 du dioc\u00e8se de Dijon !<\/span><\/strong><\/h1>\n<h2 style=\"text-align: center;\"><\/h2>\n<h2 style=\"text-align: center;\"><span style=\"color: #800000;\">&#8212;&#8212;&#8212;&#8212;&#8212;&#8212;&#8212;&#8212;&#8212;&#8212;&#8212;-<\/span><\/h2>\n<h2><span style=\"color: #339966;\">\u00c7a y est ! C&rsquo;est l&rsquo;Avent !<\/span><\/h2>\n<h2><span style=\"color: #339966;\">Le SDC de Dijon vous adresse une<a style=\"color: #339966;\" href=\"https:\/\/drive.google.com\/open?id=1IBJlsXRBLmFD_3WdX-T5SU-YLLlC9l3W\" target=\"_blank\" rel=\"noopener\"> lettre <\/a>pour vous aider \u00e0 pr\u00e9parer les plus petits \u00e0 No\u00ebl et \u00e0 bien vivre ce temps de pr\u00e9paration qu&rsquo;est l&rsquo;Avent, alors, n&rsquo;h\u00e9sitez pas !<\/span><\/h2>\n<h2><span style=\"color: #339966;\">Voici \u00e9galement des id\u00e9es de rencontres avec les plus petits pour parler de l&rsquo;Avent et de No\u00ebl :<\/span><\/h2>\n<ul>\n<li>\n<h2><a href=\"https:\/\/drive.google.com\/open?id=1uLhQMWZpUWDw0O8RW-JD2RIdd9jK_obM\" target=\"_blank\" rel=\"noopener\"><span style=\"color: #339966;\">Rencontre autour de l&rsquo;Avent<\/span><\/a><\/h2>\n<\/li>\n<li>\n<h2><a href=\"https:\/\/drive.google.com\/open?id=18H-vVgfkWeNb2xuA_MHntxbudty0jDEN\" target=\"_blank\" rel=\"noopener\"><span style=\"color: #339966;\">Rencontre autour de No\u00ebl<\/span><\/a><\/h2>\n<h2 style=\"text-align: center;\"><span style=\"color: #800000;\">&#8212;&#8212;&#8212;&#8212;&#8212;&#8212;&#8212;&#8212;&#8212;&#8212;&#8212;-<\/span><\/h2>\n<\/li>\n<\/ul>\n<h2><span style=\"color: #800000;\"><a style=\"color: #800000;\" href=\"https:\/\/vimeo.com\/245332810\" target=\"_blank\" rel=\"noopener\">D\u00e9couvrez aussi une vid\u00e9o de la pri\u00e8re gestu\u00e9e du Notre-P\u00e8re avec la nouvelle traduction liturgique<\/a><\/span><\/h2>\n<h2 style=\"text-align: center;\"><span style=\"color: #800000;\">&#8212;&#8212;&#8212;&#8212;&#8212;&#8212;&#8212;&#8212;&#8212;&#8212;&#8212;-<\/span><\/h2>\n<h2><a href=\"http:\/\/www.catechese.catholique.fr\/espace-familial-et-proposition-de-la-foi\/le-role-des-histoires-et-des-recits-bibliques-dans-le-developpement-des-jeunes-enfants-0-6ans-rencontre-avec-genevieve-de-taisne.html\" target=\"_blank\" rel=\"noopener\">Une vid\u00e9o int\u00e9ressante : \u00ab\u00a0le r\u00f4le des histoires et des r\u00e9cits bibliques dans le d\u00e9veloppement des jeunes enfants (0-6 ans)\u00a0\u00bb &#8211; rencontre avec G. de Taisne (source : SNCC)<\/a><\/h2>\n<h2 style=\"text-align: center;\"><span style=\"color: #800000;\">&#8212;&#8212;&#8212;&#8212;&#8212;&#8212;&#8212;&#8212;&#8212;&#8212;&#8212;-<\/span><\/h2>\n<h2>[important]Cadeaux de Dieu : un nouveau site pour l&rsquo;\u00e9veil \u00e0 la foi !\u00a0 <a href=\"http:\/\/www.cadeaux-de-dieu.fr\/\" target=\"_blank\" rel=\"noopener\">D\u00e9couvrez-le vite !<\/a>[\/important]<\/h2>\n<h2 style=\"text-align: center;\"><span style=\"color: #800000;\">&#8212;&#8212;&#8212;&#8212;&#8212;&#8212;&#8212;&#8212;&#8212;&#8212;&#8212;-<\/span><\/h2>\n<h2><span style=\"color: #800000;\">Voici plusieurs fiches th\u00e9matiques pour l&rsquo;\u00e9veil \u00e0 la foi, en lien avec le calendrier liturgique, r\u00e9alis\u00e9es par le SDC de Dijon :<\/span><\/h2>\n<ul>\n<li>\n<h2><a href=\"https:\/\/drive.google.com\/open?id=0BwNgGlkIBuuzbFNMVjU1blAyRUk\" target=\"_blank\" rel=\"noopener\"><span style=\"color: #800000;\">Temps fort d&rsquo;\u00e9t\u00e9, de fin d&rsquo;ann\u00e9e scolaire<\/span><\/a><\/h2>\n<\/li>\n<li>\n<h2><a href=\"https:\/\/drive.google.com\/open?id=0BwNgGlkIBuuzU0cyUVljTzZtWXM\" target=\"_blank\" rel=\"noopener\"><span style=\"color: #800000;\">Le Notre-P\u00e8re<\/span><\/a><\/h2>\n<\/li>\n<li>\n<h2><a href=\"https:\/\/drive.google.com\/open?id=0BwNgGlkIBuuzV25RU3hXSnhlbkE\" target=\"_blank\" rel=\"noopener\"><span style=\"color: #800000;\">La rentr\u00e9e<\/span><\/a><\/h2>\n<\/li>\n<\/ul>\n<h3><span style=\"color: #800000;\">Pour obtenir les ressources en lien avec chaque fiche, merci de nous contacter.<\/span><\/h3>\n<h2 style=\"text-align: center;\"><span style=\"color: #800000;\">&#8212;&#8212;&#8212;&#8212;&#8212;&#8212;&#8212;&#8212;&#8212;&#8212;&#8212;-<\/span><\/h2>\n<h2><span style=\"color: #008080;\">Voici des id\u00e9es glan\u00e9es sur la toile et propos\u00e9es par le SDC de Dijon et M\u00e9diatech21 pour vous permettre de b\u00e2tir des c\u00e9l\u00e9brations d&rsquo;\u00e9veil \u00e0 la foi ou des partages d&rsquo;\u00e9vangile pour les plus-petits au cours de la messe :<\/span><\/h2>\n<ul>\n<li>\n<h2><span style=\"color: #008080;\"><strong>\u00ab\u00a0Cadeaux de Dieu\u00a0\u00bb, de nouvelles id\u00e9es pour faire l&rsquo;\u00e9veil \u00e0 la foi : des livrets, un chevalet, des jeux, un CD. Le tout est empruntable au service M\u00e9diatech21, venez vite le d\u00e9couvrir ! Ce nouvel outil propose \u00e9galement une nouvelle application gratuite avec pleins d&rsquo;id\u00e9es int\u00e9ressantes pour l&rsquo;\u00e9veil \u00e0 la foi : <\/strong><a style=\"color: #008080;\" href=\"http:\/\/www.cadeaux-de-dieu.fr\/\" target=\"_blank\" rel=\"noopener\"><strong>Cadeaux de Dieu<\/strong> <\/a><\/span><\/h2>\n<\/li>\n<li>\n<h3><strong><span style=\"color: #008080;\"><span style=\"font-family: arial, helvetica, sans-serif;\">Un document t\u00e9l\u00e9chargeable pour un \u00e9veil \u00e0 la foi ludique et dynamique, sur les 3 ann\u00e9es de <\/span>maternelles. <a style=\"color: #008080;\" href=\"https:\/\/docs.google.com\/file\/d\/0BwGi1tMFqrW1Y1JwRGhuQkd5ZVU\/edit?usp=sharing\" target=\"_blank\" rel=\"noopener\">Cliquez ici<\/a><\/span><\/strong><\/h3>\n<\/li>\n<li>\n<h3><strong><span style=\"color: #008080;\">Vous ne savez pas comment appeler les parents \u00e0 se lancer dans un groupe de partage de la Parole ou d&rsquo;\u00e9veil \u00e0 la foi ? <a style=\"color: #008080;\" href=\"http:\/\/petitsalamesse.canalblog.com\/\" target=\"_blank\" rel=\"noopener\">Cliquez ici<\/a><\/span><\/strong><\/h3>\n<\/li>\n<li>\n<h3><strong><span style=\"font-family: verdana, sans-serif; color: #008080;\">Pour aider \u00e0 construire les propositions d&rsquo;\u00e9veil \u00e0 la foi en fonction des \u00e2ges des petits accueillis; ce lien permet de feuilleter un livret r\u00e9alis\u00e9 par le dioc\u00e8se de Paris et expliquant les \u00e9tapes de croissance des 0-7 ans.<a style=\"color: #008080;\" href=\"http:\/\/fr.calameo.com\/read\/000041833384e794421f5\" target=\"_blank\" rel=\"noopener\"> Cliquez ici<\/a><\/span><\/strong><\/h3>\n<\/li>\n<li>\n<h3><strong><span style=\"color: #008080; font-family: verdana, sans-serif;\">Pour ceux qui veulent varier leurs propositions p\u00e9dagogiques pour annoncer Dieu aux 3-7 ans, construire ou reprendre des c\u00e9l\u00e9brations accueillant les enfants,\u00a0susciter\u00a0l&rsquo;envie des parents de cheminer dans la Foi, cadeaux de Dieu est une mine d&rsquo;id\u00e9es que l&rsquo;on peut travailler dans le cadre d&rsquo;une paroisse, d&rsquo;une \u00e9cole ou d&rsquo;une cat\u00e9ch\u00e8se familiale.<a style=\"color: #008080;\" href=\"http:\/\/fr.calameo.com\/read\/002699235cd7139468476\" target=\"_blank\" rel=\"noopener\"> Cliquez ici<\/a><\/span><\/strong><\/h3>\n<\/li>\n<\/ul>\n<div><\/div>\n","protected":false},"excerpt":{"rendered":"<p>Pour l&rsquo;\u00e9veil \u00e0 la foi, utilisez la collection TACTIL\u2019EVANGILE pour \u00e9couter ou raconter un r\u00e9cit \u00e9vang\u00e9lique de fa\u00e7on ludique : Pour les commander, cliquez ici Ces documents sont aussi disponibles pour le pr\u00eat au service M\u00e9diatech&rsquo;21. N&rsquo;h\u00e9sitez pas \u00e0 les utiliser ! Un chemin de Car\u00eame 2018 propos\u00e9 par Prions en Eglise junior, pour les &hellip; <\/p>\n<p><a class=\"more-link btn\" href=\"https:\/\/www.mediatech21.fr\/?page_id=987\">Lire la suite<\/a><\/p>\n","protected":false},"author":1,"featured_media":0,"parent":0,"menu_order":0,"comment_status":"closed","ping_status":"closed","template":"","meta":{"footnotes":""},"_links":{"self":[{"href":"https:\/\/www.mediatech21.fr\/index.php?rest_route=\/wp\/v2\/pages\/987"}],"collection":[{"href":"https:\/\/www.mediatech21.fr\/index.php?rest_route=\/wp\/v2\/pages"}],"about":[{"href":"https:\/\/www.mediatech21.fr\/index.php?rest_route=\/wp\/v2\/types\/page"}],"author":[{"embeddable":true,"href":"https:\/\/www.mediatech21.fr\/index.php?rest_route=\/wp\/v2\/users\/1"}],"replies":[{"embeddable":true,"href":"https:\/\/www.mediatech21.fr\/index.php?rest_route=%2Fwp%2Fv2%2Fcomments&post=987"}],"version-history":[{"count":4,"href":"https:\/\/www.mediatech21.fr\/index.php?rest_route=\/wp\/v2\/pages\/987\/revisions"}],"predecessor-version":[{"id":1124,"href":"https:\/\/www.mediatech21.fr\/index.php?rest_route=\/wp\/v2\/pages\/987\/revisions\/1124"}],"wp:attachment":[{"href":"https:\/\/www.mediatech21.fr\/index.php?rest_route=%2Fwp%2Fv2%2Fmedia&parent=987"}],"curies":[{"name":"wp","href":"https:\/\/api.w.org\/{rel}","templated":true}]}}