{"id":870,"date":"2017-10-18T21:32:04","date_gmt":"2017-10-18T19:32:04","guid":{"rendered":"http:\/\/www.mediatech21.fr\/?page_id=870"},"modified":"2018-01-10T20:14:01","modified_gmt":"2018-01-10T18:14:01","slug":"avent-2017","status":"publish","type":"page","link":"https:\/\/www.mediatech21.fr\/?page_id=870","title":{"rendered":"Avent 2017"},"content":{"rendered":"<h2><span style=\"color: #3366ff;\">N&rsquo;h\u00e9sitez pas, en vous promenant dans Dijon, \u00e0 passer par l&rsquo;accueil Notre-Dame, en face du square des ducs, rue des Forges, <a href=\"http:\/\/www.mediatech21.fr\/wp-content\/uploads\/2017\/12\/IMG_5045-1-1.jpg\"><img decoding=\"async\" loading=\"lazy\" class=\"wp-image-916 aligncenter\" src=\"http:\/\/www.mediatech21.fr\/wp-content\/uploads\/2017\/12\/IMG_5045-1-1.jpg\" alt=\"IMG_5045-1\" width=\"555\" height=\"417\" srcset=\"https:\/\/www.mediatech21.fr\/wp-content\/uploads\/2017\/12\/IMG_5045-1-1.jpg 2016w, https:\/\/www.mediatech21.fr\/wp-content\/uploads\/2017\/12\/IMG_5045-1-1-300x225.jpg 300w, https:\/\/www.mediatech21.fr\/wp-content\/uploads\/2017\/12\/IMG_5045-1-1-768x576.jpg 768w, https:\/\/www.mediatech21.fr\/wp-content\/uploads\/2017\/12\/IMG_5045-1-1-1024x768.jpg 1024w\" sizes=\"(max-width: 555px) 100vw, 555px\" \/><\/a><\/span><\/h2>\n<h2><span style=\"color: #3366ff;\">voir le calendrier de l&rsquo;Avent reproduit en grand ! <\/span><\/h2>\n<p><span style=\"color: #99cc00;\">[important]<\/span><\/p>\n<h2><span style=\"color: #3366ff;\">D\u00e9couvrez le calendrier de l&rsquo;Avent 2017 en lien avec les textes du jour et dessin\u00e9 par un illustrateur bourguignon. Il est en vente \u00e0 4\u20ac et peut \u00eatre associ\u00e9 \u00e0 un calendrier num\u00e9rique. N&rsquo;h\u00e9sitez pas \u00e0 <span style=\"text-decoration: underline;\"><a style=\"color: #3366ff; text-decoration: underline;\" href=\"http:\/\/www.mediatech21.fr\/?page_id=863\" target=\"_blank\">en commander<\/a><\/span> d\u00e8s \u00e0 pr\u00e9sent !<\/span><\/h2>\n<p><img decoding=\"async\" loading=\"lazy\" class=\"wp-image-856 aligncenter\" src=\"http:\/\/www.mediatech21.fr\/wp-content\/uploads\/2016\/10\/Calendrier-de-lAvent-2017-couverture-A4pour-blog1028.jpg\" sizes=\"(max-width: 368px) 100vw, 368px\" srcset=\"http:\/\/www.mediatech21.fr\/wp-content\/uploads\/2016\/10\/Calendrier-de-lAvent-2017-couverture-A4pour-blog1028.jpg 1450w, http:\/\/www.mediatech21.fr\/wp-content\/uploads\/2016\/10\/Calendrier-de-lAvent-2017-couverture-A4pour-blog1028-300x213.jpg 300w, http:\/\/www.mediatech21.fr\/wp-content\/uploads\/2016\/10\/Calendrier-de-lAvent-2017-couverture-A4pour-blog1028-768x544.jpg 768w, http:\/\/www.mediatech21.fr\/wp-content\/uploads\/2016\/10\/Calendrier-de-lAvent-2017-couverture-A4pour-blog1028-1024x726.jpg 1024w\" alt=\"Calendrier de l'Avent 2017 (couverture) - A4pour blog1028\" width=\"368\" height=\"261\" \/><\/p>\n<p><span style=\"color: #99cc00;\">[\/important]<\/span><\/p>\n","protected":false},"excerpt":{"rendered":"<p>N&rsquo;h\u00e9sitez pas, en vous promenant dans Dijon, \u00e0 passer par l&rsquo;accueil Notre-Dame, en face du square des ducs, rue des Forges, voir le calendrier de l&rsquo;Avent reproduit en grand ! [important] D\u00e9couvrez le calendrier de l&rsquo;Avent 2017 en lien avec les textes du jour et dessin\u00e9 par un illustrateur bourguignon. Il est en vente \u00e0 &hellip; <\/p>\n<p><a class=\"more-link btn\" href=\"https:\/\/www.mediatech21.fr\/?page_id=870\">Lire la suite<\/a><\/p>\n","protected":false},"author":1,"featured_media":0,"parent":0,"menu_order":0,"comment_status":"open","ping_status":"closed","template":"","meta":{"footnotes":""},"_links":{"self":[{"href":"https:\/\/www.mediatech21.fr\/index.php?rest_route=\/wp\/v2\/pages\/870"}],"collection":[{"href":"https:\/\/www.mediatech21.fr\/index.php?rest_route=\/wp\/v2\/pages"}],"about":[{"href":"https:\/\/www.mediatech21.fr\/index.php?rest_route=\/wp\/v2\/types\/page"}],"author":[{"embeddable":true,"href":"https:\/\/www.mediatech21.fr\/index.php?rest_route=\/wp\/v2\/users\/1"}],"replies":[{"embeddable":true,"href":"https:\/\/www.mediatech21.fr\/index.php?rest_route=%2Fwp%2Fv2%2Fcomments&post=870"}],"version-history":[{"count":12,"href":"https:\/\/www.mediatech21.fr\/index.php?rest_route=\/wp\/v2\/pages\/870\/revisions"}],"predecessor-version":[{"id":919,"href":"https:\/\/www.mediatech21.fr\/index.php?rest_route=\/wp\/v2\/pages\/870\/revisions\/919"}],"wp:attachment":[{"href":"https:\/\/www.mediatech21.fr\/index.php?rest_route=%2Fwp%2Fv2%2Fmedia&parent=870"}],"curies":[{"name":"wp","href":"https:\/\/api.w.org\/{rel}","templated":true}]}}