{"id":741,"date":"2016-10-17T15:54:10","date_gmt":"2016-10-17T13:54:10","guid":{"rendered":"http:\/\/www.mediadoc21.fr\/?page_id=741"},"modified":"2018-01-10T20:13:48","modified_gmt":"2018-01-10T18:13:48","slug":"avent-2016","status":"publish","type":"page","link":"https:\/\/www.mediatech21.fr\/?page_id=741","title":{"rendered":"Avent 2016"},"content":{"rendered":"<h2><span style=\"color: #3366ff;\">Voici le calendrier d&rsquo;Avent 2016 reproduit en tr\u00e8s grand par les enfants du cat\u00e9 \u00e0 Beaune. C&rsquo;\u00e9tait une belle id\u00e9e ! A reprendre ! :<a href=\"http:\/\/www.mediatech21.fr\/wp-content\/uploads\/2017\/12\/IMG_4979.jpg\"><img decoding=\"async\" loading=\"lazy\" class=\" wp-image-921 aligncenter\" src=\"http:\/\/www.mediatech21.fr\/wp-content\/uploads\/2017\/12\/IMG_4979.jpg\" alt=\"IMG_4979\" width=\"665\" height=\"499\" srcset=\"https:\/\/www.mediatech21.fr\/wp-content\/uploads\/2017\/12\/IMG_4979.jpg 2016w, https:\/\/www.mediatech21.fr\/wp-content\/uploads\/2017\/12\/IMG_4979-300x225.jpg 300w, https:\/\/www.mediatech21.fr\/wp-content\/uploads\/2017\/12\/IMG_4979-768x576.jpg 768w, https:\/\/www.mediatech21.fr\/wp-content\/uploads\/2017\/12\/IMG_4979-1024x768.jpg 1024w\" sizes=\"(max-width: 665px) 100vw, 665px\" \/><\/a><\/span><\/h2>\n<p>&nbsp;<\/p>\n<p>&nbsp;<\/p>\n<p>[important]D\u00e9couvrez le nouveau calendrier de l&rsquo;Avent 2016 r\u00e9alis\u00e9 par le service M\u00e9diatech&rsquo;21 du dioc\u00e8se de Dijon, sur le th\u00e8me de la Cr\u00e9ation et en lien avec l&rsquo;encyclique, Laudato Si. <a href=\"http:\/\/www.mediadoc21.fr\/?page_id=710\"><img decoding=\"async\" loading=\"lazy\" class=\"wp-image-723 alignleft\" src=\"http:\/\/www.mediadoc21.fr\/wp-content\/uploads\/2016\/10\/calendrier-Avent-2016-W-avec-num\u00e9ro.jpg\" alt=\"calendrier-avent-2016-w-avec-numero\" width=\"342\" height=\"234\" srcset=\"https:\/\/www.mediatech21.fr\/wp-content\/uploads\/2016\/10\/calendrier-Avent-2016-W-avec-num\u00e9ro.jpg 700w, https:\/\/www.mediatech21.fr\/wp-content\/uploads\/2016\/10\/calendrier-Avent-2016-W-avec-num\u00e9ro-300x205.jpg 300w\" sizes=\"(max-width: 342px) 100vw, 342px\" \/><\/a>[\/important]<\/p>\n<p>R\u00e9f\u00e9rences de la couverture du calendrier : Les Enfants de lumi\u00e8re, carton de Dom Robert,1968, tissage Atelier Goubely-La Beauze, Aubusson, 2003 \u2013 340 x 503 cm.Collection du mus\u00e9e Dom Robert\u00a0 et de la tapisserie du XX\u00e8me si\u00e8cle,Abbaye-\u00e9cole de Sor\u00e8ze \u00a9Abbaye d\u2019En Calcat\/JL.Sarda.<\/p>\n","protected":false},"excerpt":{"rendered":"<p>Voici le calendrier d&rsquo;Avent 2016 reproduit en tr\u00e8s grand par les enfants du cat\u00e9 \u00e0 Beaune. C&rsquo;\u00e9tait une belle id\u00e9e ! A reprendre ! : &nbsp; &nbsp; [important]D\u00e9couvrez le nouveau calendrier de l&rsquo;Avent 2016 r\u00e9alis\u00e9 par le service M\u00e9diatech&rsquo;21 du dioc\u00e8se de Dijon, sur le th\u00e8me de la Cr\u00e9ation et en lien avec l&rsquo;encyclique, Laudato &hellip; <\/p>\n<p><a class=\"more-link btn\" href=\"https:\/\/www.mediatech21.fr\/?page_id=741\">Lire la suite<\/a><\/p>\n","protected":false},"author":1,"featured_media":0,"parent":0,"menu_order":0,"comment_status":"open","ping_status":"closed","template":"","meta":{"footnotes":""},"_links":{"self":[{"href":"https:\/\/www.mediatech21.fr\/index.php?rest_route=\/wp\/v2\/pages\/741"}],"collection":[{"href":"https:\/\/www.mediatech21.fr\/index.php?rest_route=\/wp\/v2\/pages"}],"about":[{"href":"https:\/\/www.mediatech21.fr\/index.php?rest_route=\/wp\/v2\/types\/page"}],"author":[{"embeddable":true,"href":"https:\/\/www.mediatech21.fr\/index.php?rest_route=\/wp\/v2\/users\/1"}],"replies":[{"embeddable":true,"href":"https:\/\/www.mediatech21.fr\/index.php?rest_route=%2Fwp%2Fv2%2Fcomments&post=741"}],"version-history":[{"count":6,"href":"https:\/\/www.mediatech21.fr\/index.php?rest_route=\/wp\/v2\/pages\/741\/revisions"}],"predecessor-version":[{"id":922,"href":"https:\/\/www.mediatech21.fr\/index.php?rest_route=\/wp\/v2\/pages\/741\/revisions\/922"}],"wp:attachment":[{"href":"https:\/\/www.mediatech21.fr\/index.php?rest_route=%2Fwp%2Fv2%2Fmedia&parent=741"}],"curies":[{"name":"wp","href":"https:\/\/api.w.org\/{rel}","templated":true}]}}