{"id":676,"date":"2016-04-25T17:26:02","date_gmt":"2016-04-25T15:26:02","guid":{"rendered":"http:\/\/www.mediadoc21.fr\/?page_id=676"},"modified":"2023-11-06T16:25:29","modified_gmt":"2023-11-06T14:25:29","slug":"les-ressources-du-sncc","status":"publish","type":"page","link":"https:\/\/www.mediatech21.fr\/?page_id=676","title":{"rendered":"Les ressources du service Cat\u00e9ch\u00e8se et Cat\u00e9chum\u00e9nat"},"content":{"rendered":"<h2><span style=\"color: #3366ff;\">Le<\/span> s<a href=\"https:\/\/catechese.catholique.fr\/\" target=\"_blank\" rel=\"noopener\">ervice national Cat\u00e9ch\u00e8se et Cat\u00e9chum\u00e9nat <\/a><span style=\"color: #3366ff;\">est une mine d&rsquo;or pour les cat\u00e9chistes et animateurs en pastorale. N&rsquo;h\u00e9sitez pas \u00e0 consulter leur site tr\u00e8s r\u00e9guli\u00e8rement et \u00e0 venir emprunter leurs revues au service M\u00e9diatech&rsquo;21<\/span><\/h2>\n<h2><span style=\"color: #3366ff;\">Vous y trouverez :<\/span><\/h2>\n<ul>\n<li>\n<h2><span style=\"color: #3366ff;\">La revue<\/span> <a href=\"https:\/\/catechese.catholique.fr\/references\/nos-publications\/initiales\" target=\"_blank\" rel=\"noopener\">Initiales<\/a><span style=\"color: #3366ff;\">, pour accompagner les ados dans la foi<\/span><\/h2>\n<\/li>\n<li>\n<h2><span style=\"color: #3366ff;\">La revue<\/span> <span style=\"color: #993300;\"><a style=\"color: #993300;\" href=\"https:\/\/catechese.catholique.fr\/outils\/revues\/2069-lumen-vitae-revue-internationale-de-catechese\/\" target=\"_blank\" rel=\"noopener\">Lumen Vitae<\/a><\/span><span style=\"color: #3366ff;\">, revue internationale pour accompagner les personnes en charge de la cat\u00e9ch\u00e8se<\/span><\/h2>\n<\/li>\n<li>\n<h2><span style=\"color: #3366ff;\">La revue <\/span><a href=\"https:\/\/catechese.catholique.fr\/outils\/revues\/\" target=\"_blank\" rel=\"noopener\"><span style=\"color: #ff6600;\">Points de Rep\u00e8res<\/span><\/a><span style=\"color: #3366ff;\">, pour la cat\u00e9ch\u00e8se primaire<\/span><\/h2>\n<\/li>\n<li>\n<h2><span style=\"color: #3366ff;\">Le SNCC publie une nouvelle revue :<\/span> <a href=\"https:\/\/catechese.catholique.fr\/references\/nos-publications\/loasis\/loasis-n12-a-table\/\" target=\"_blank\" rel=\"noopener\">l&rsquo;<span style=\"color: #99cc00;\">Oasis<\/span><\/a> <span style=\"color: #3366ff;\">pour aider les cat\u00e9chistes dans leur mission (remplace Eccl\u00e9sia et Points de rep\u00e8re)<\/span><\/h2>\n<h2><span style=\"color: #3366ff;\">Mais aussi :<\/span><\/h2>\n<\/li>\n<li>\n<h2><a href=\"https:\/\/catechese.catholique.fr\/outils\/jeux\/\" target=\"_blank\" rel=\"noopener\"><span style=\"color: #3366ff;\">Des <span style=\"color: #ff6600;\">jeux<\/span><\/span> <\/a><\/h2>\n<\/li>\n<li>\n<h2><a href=\"https:\/\/drive.google.com\/open?id=0BwNgGlkIBuuzbVU4RlNIajhLUG8\" target=\"_blank\" rel=\"noopener\">Inventaire des vid\u00e9os joints en DVD<\/a> <span style=\"color: #3366ff;\">dans les modules de cat\u00e9ch\u00e8se pour tous les \u00e2ges<\/span><\/h2>\n<\/li>\n<li>\n<h2><span style=\"color: #3366ff;\">Session Nantes 2015 : ma\u00eetriser l&rsquo;audiovisuel en pastorale.<\/span> <a href=\"http:\/\/www.catechese.catholique.fr\/pour-animer\/se-former\/ressources-pour-la-formation\/films-et-catechese\/session-nantes-2015-maitriser-l-audiovisuel-en-pastorale.html\" target=\"_blank\" rel=\"noopener\">Compte-rendus de la session<\/a><span style=\"color: #3366ff;\">.<\/span><\/h2>\n<\/li>\n<\/ul>\n<h2><span style=\"color: #3366ff;\">Et bien d&rsquo;autres choses encore !&#8230;<\/span><\/h2>\n","protected":false},"excerpt":{"rendered":"<p>Le service national Cat\u00e9ch\u00e8se et Cat\u00e9chum\u00e9nat est une mine d&rsquo;or pour les cat\u00e9chistes et animateurs en pastorale. N&rsquo;h\u00e9sitez pas \u00e0 consulter leur site tr\u00e8s r\u00e9guli\u00e8rement et \u00e0 venir emprunter leurs revues au service M\u00e9diatech&rsquo;21 Vous y trouverez : La revue Initiales, pour accompagner les ados dans la foi La revue Lumen Vitae, revue internationale pour &hellip; <\/p>\n<p><a class=\"more-link btn\" href=\"https:\/\/www.mediatech21.fr\/?page_id=676\">Lire la suite<\/a><\/p>\n","protected":false},"author":1,"featured_media":0,"parent":0,"menu_order":0,"comment_status":"open","ping_status":"open","template":"","meta":{"footnotes":""},"_links":{"self":[{"href":"https:\/\/www.mediatech21.fr\/index.php?rest_route=\/wp\/v2\/pages\/676"}],"collection":[{"href":"https:\/\/www.mediatech21.fr\/index.php?rest_route=\/wp\/v2\/pages"}],"about":[{"href":"https:\/\/www.mediatech21.fr\/index.php?rest_route=\/wp\/v2\/types\/page"}],"author":[{"embeddable":true,"href":"https:\/\/www.mediatech21.fr\/index.php?rest_route=\/wp\/v2\/users\/1"}],"replies":[{"embeddable":true,"href":"https:\/\/www.mediatech21.fr\/index.php?rest_route=%2Fwp%2Fv2%2Fcomments&post=676"}],"version-history":[{"count":14,"href":"https:\/\/www.mediatech21.fr\/index.php?rest_route=\/wp\/v2\/pages\/676\/revisions"}],"predecessor-version":[{"id":1748,"href":"https:\/\/www.mediatech21.fr\/index.php?rest_route=\/wp\/v2\/pages\/676\/revisions\/1748"}],"wp:attachment":[{"href":"https:\/\/www.mediatech21.fr\/index.php?rest_route=%2Fwp%2Fv2%2Fmedia&parent=676"}],"curies":[{"name":"wp","href":"https:\/\/api.w.org\/{rel}","templated":true}]}}