{"id":645,"date":"2016-01-28T17:58:14","date_gmt":"2016-01-28T15:58:14","guid":{"rendered":"http:\/\/www.mediadoc21.fr\/?page_id=645"},"modified":"2022-10-05T11:10:28","modified_gmt":"2022-10-05T09:10:28","slug":"formations-diocesaines","status":"publish","type":"page","link":"https:\/\/www.mediatech21.fr\/?page_id=645","title":{"rendered":"Formations dioc\u00e9saines"},"content":{"rendered":"\n<figure class=\"wp-block-image size-large is-resized\"><img decoding=\"async\" loading=\"lazy\" src=\"https:\/\/dim.mcusercontent.com\/cs\/87dddf030fb7945be2132b939\/images\/5067d2bf-6740-424d-86e9-230afc82a7d5.jpg?w=564&amp;dpr=2\" alt=\"\" width=\"263\" height=\"132\"\/><\/figure>\n\n\n\n<p class=\"has-large-font-size\"><span class=\"has-inline-color has-vivid-cyan-blue-color\"><\/span><span class=\"has-inline-color has-vivid-cyan-blue-color\"><span class=\"has-inline-color has-vivid-cyan-blue-color\"><\/span><span class=\"has-inline-color has-vivid-cyan-blue-color\"><\/span><a rel=\"noreferrer noopener\" href=\"https:\/\/mailchi.mp\/8d1f0530d3ea\/lettre-information-octobre?e=ae752126e3\" target=\"_blank\">En cliquant ici<\/a>, <\/span><span class=\"has-inline-color has-black-color\">vous trouverez la liste<\/span> des formations organis\u00e9es par le dioc\u00e8se de Dijon cet automne 2022. Il y en a pour tous les go\u00fbts, tous les styles, tous les \u00e2ges !<\/p>\n\n\n\n<p class=\"has-vivid-red-color has-text-color has-large-font-size\"><span class=\"has-inline-color has-vivid-cyan-blue-color\"><\/span><\/p>\n\n\n\n<p class=\"has-vivid-red-color has-text-color has-large-font-size\"><\/p>\n\n\n\n<p class=\"has-vivid-red-color has-text-color has-large-font-size\"><\/p>\n\n\n\n<p><\/p>\n\n\n<h3><span style=\"color: #800000;\"><a href=\"http:\/\/www.mediatech21.fr\/wp-content\/uploads\/2020\/03\/Forum-En.-Catho.jpg\"><img decoding=\"async\" loading=\"lazy\" class=\"alignnone wp-image-1185\" src=\"http:\/\/www.mediatech21.fr\/wp-content\/uploads\/2020\/03\/Forum-En.-Catho.jpg\" alt=\"\" width=\"237\" height=\"164\" srcset=\"https:\/\/www.mediatech21.fr\/wp-content\/uploads\/2020\/03\/Forum-En.-Catho.jpg 559w, https:\/\/www.mediatech21.fr\/wp-content\/uploads\/2020\/03\/Forum-En.-Catho-300x208.jpg 300w\" sizes=\"(max-width: 237px) 100vw, 237px\" \/><\/a><\/span><\/h3>\n<h3><span style=\"color: #800000;\">Mercredi 11 mars 2020 : venez au f<a style=\"color: #800000;\" href=\"https:\/\/drive.google.com\/open?id=1wXArfRA3CPoCIPyyGBsCcXz5j75eTztG\" target=\"_blank\" rel=\"noopener\">orum des ressources p\u00e9dagogiques pour la cat\u00e9ch\u00e8se<\/a>, organis\u00e9 par l&rsquo;Enseignement catholique de Bourgogne ! <a href=\"https:\/\/drive.google.com\/open?id=1wXArfRA3CPoCIPyyGBsCcXz5j75eTztG\" target=\"_blank\" rel=\"noopener\">Pour plus d&rsquo;informations, cliquez ici<\/a>.<br \/><\/span><\/h3>\n<h3>&#8212;&#8212;&#8212;&#8212;&#8212;&#8212;&#8212;&#8212;&#8212;&#8212;&#8212;&#8212;&#8212;&#8212;&#8212;&#8212;&#8212;&#8212;&#8212;&#8212;&#8212;&#8212;&#8212;&#8212;&#8212;&#8212;&#8212;&#8212;&#8212;<\/h3>\n<h3><span style=\"color: #800000;\">Vous \u00eates cat\u00e9chiste ou animateur d&rsquo;aum\u00f4nerie, peut-\u00eatre vous posez-vous les questions suivantes :<\/span><\/h3>\n<ul>\n<li>\n<h3><span style=\"color: #800000;\">Comment transmettre la Foi chr\u00e9tienne dans une ambiance respectueuse des <\/span><span style=\"color: #800000;\">enfants et des adultes ? <\/span><\/h3>\n<\/li>\n<li>\n<h3><span style=\"color: #800000;\">Comment \u00e9viter le double \u00e9cueil du laxisme et de l\u2019autoritarisme ?<\/span><\/h3>\n<\/li>\n<\/ul>\n<h2><span style=\"color: #800000;\">Alors la formation \u00ab\u00a0D\u00e9velopper une autorit\u00e9 \u00e9ducative en cat\u00e9ch\u00e8se et en aum\u00f4nerie\u00a0\u00bb (9 et 16 novembre 2019) est faite pour vous !<\/span><\/h2>\n<h3><span style=\"color: #800000;\">Pour plus d&rsquo;information, <a href=\"https:\/\/drive.google.com\/open?id=1ZBSO8w0YxUJeBzR6zQuFG9UxxLzNx8jd\" target=\"_blank\" rel=\"noopener\">cliquez ici et inscrivez-vous vite<\/a> ! Il n&rsquo;y a que 14 places !<\/span><\/h3>","protected":false},"excerpt":{"rendered":"<p>En cliquant ici, vous trouverez la liste des formations organis\u00e9es par le dioc\u00e8se de Dijon cet automne 2022. Il y en a pour tous les go\u00fbts, tous les styles, tous les \u00e2ges ! Mercredi 11 mars 2020 : venez au forum des ressources p\u00e9dagogiques pour la cat\u00e9ch\u00e8se, organis\u00e9 par l&rsquo;Enseignement catholique de Bourgogne ! Pour &hellip; <\/p>\n<p><a class=\"more-link btn\" href=\"https:\/\/www.mediatech21.fr\/?page_id=645\">Lire la suite<\/a><\/p>\n","protected":false},"author":1,"featured_media":0,"parent":0,"menu_order":0,"comment_status":"open","ping_status":"open","template":"","meta":{"footnotes":""},"_links":{"self":[{"href":"https:\/\/www.mediatech21.fr\/index.php?rest_route=\/wp\/v2\/pages\/645"}],"collection":[{"href":"https:\/\/www.mediatech21.fr\/index.php?rest_route=\/wp\/v2\/pages"}],"about":[{"href":"https:\/\/www.mediatech21.fr\/index.php?rest_route=\/wp\/v2\/types\/page"}],"author":[{"embeddable":true,"href":"https:\/\/www.mediatech21.fr\/index.php?rest_route=\/wp\/v2\/users\/1"}],"replies":[{"embeddable":true,"href":"https:\/\/www.mediatech21.fr\/index.php?rest_route=%2Fwp%2Fv2%2Fcomments&post=645"}],"version-history":[{"count":32,"href":"https:\/\/www.mediatech21.fr\/index.php?rest_route=\/wp\/v2\/pages\/645\/revisions"}],"predecessor-version":[{"id":1695,"href":"https:\/\/www.mediatech21.fr\/index.php?rest_route=\/wp\/v2\/pages\/645\/revisions\/1695"}],"wp:attachment":[{"href":"https:\/\/www.mediatech21.fr\/index.php?rest_route=%2Fwp%2Fv2%2Fmedia&parent=645"}],"curies":[{"name":"wp","href":"https:\/\/api.w.org\/{rel}","templated":true}]}}