{"id":623,"date":"2015-12-17T15:33:47","date_gmt":"2015-12-17T13:33:47","guid":{"rendered":"http:\/\/www.mediadoc21.fr\/?page_id=623"},"modified":"2020-03-31T12:01:10","modified_gmt":"2020-03-31T10:01:10","slug":"pcs-pedagogie-catechetique-specialisee","status":"publish","type":"page","link":"https:\/\/www.mediatech21.fr\/?page_id=623","title":{"rendered":"PCS (p\u00e9dagogie cat\u00e9ch\u00e9tique sp\u00e9cialis\u00e9e)"},"content":{"rendered":"<ul>\n<li>\n<h2><span style=\"color: #800000;\"><strong><a href=\"http:\/\/www.mediatech21.fr\/wp-content\/uploads\/2019\/01\/lappel-des-12.jpg\"><img decoding=\"async\" loading=\"lazy\" class=\"size-full wp-image-1118 alignright\" src=\"http:\/\/www.mediatech21.fr\/wp-content\/uploads\/2019\/01\/lappel-des-12.jpg\" alt=\"\" width=\"256\" height=\"213\" \/><\/a>Collection <a href=\"https:\/\/drive.google.com\/open?id=1M-FRu98Drxmj1SM1sDcqJOi5uxcc9Z8I\" target=\"_blank\" rel=\"noopener\">TACTIL\u2019EVANGILE<\/a>, sp\u00e9cial PCS ou \u00e9veil \u00e0 la foi, un petit nouveau arrive pour P\u00e2ques 2019\u00a0 :<br \/>\n<\/strong>apr\u00e8s Zach\u00e9e, la brebis perdue et No\u00ebl, voici L\u2019appel des 12.<\/span><\/h2>\n<h2><span style=\"color: #800000;\">Pour le commander, <a href=\"https:\/\/drive.google.com\/open?id=1UGu7fbDN0gczKeFzOpzjcf5QJi39CohG\" target=\"_blank\" rel=\"noopener\">cliquez ici<\/a><\/span><\/h2>\n<h2><span style=\"color: #800000;\">Ces documents sont aussi disponibles pour le pr\u00eat au service M\u00e9diatech&rsquo;21. N&rsquo;h\u00e9sitez pas \u00e0 les utiliser !<\/span><\/h2>\n<\/li>\n<\/ul>\n<h2><\/h2>\n<ul>\n<li>\n<h2><a href=\"https:\/\/vimeo.com\/245332810\" target=\"_blank\" rel=\"noopener\"><span style=\"color: #800000;\">D\u00e9couvrez une vid\u00e9o de la pri\u00e8re gestu\u00e9e du Notre-P\u00e8re avec la nouvelle traduction liturgique<\/span><\/a><\/h2>\n<\/li>\n<li>\n<h2><span style=\"color: #008000;\"><strong><span style=\"color: #800000;\">Collection <a style=\"color: #800000;\" href=\"https:\/\/drive.google.com\/file\/d\/0ByqAXIuipkt8NHhjbTNLcGVZaTQ\/view?usp=sharing\" target=\"_blank\" rel=\"noopener\">TACTIL\u2019EVANGILE<\/a>, sp\u00e9cial PCS <a href=\"https:\/\/drive.google.com\/file\/d\/0ByqAXIuipkt8NHhjbTNLcGVZaTQ\/view?usp=sharing\" target=\"_blank\" rel=\"noopener\"><img decoding=\"async\" loading=\"lazy\" class=\" wp-image-628 alignright\" src=\"http:\/\/www.mediadoc21.fr\/wp-content\/uploads\/2015\/12\/photo_retenue_noel-W.jpg\" alt=\"photo_retenue_noel-W\" width=\"139\" height=\"131\" srcset=\"https:\/\/www.mediatech21.fr\/wp-content\/uploads\/2015\/12\/photo_retenue_noel-W.jpg 1028w, https:\/\/www.mediatech21.fr\/wp-content\/uploads\/2015\/12\/photo_retenue_noel-W-300x282.jpg 300w, https:\/\/www.mediatech21.fr\/wp-content\/uploads\/2015\/12\/photo_retenue_noel-W-1024x962.jpg 1024w\" sizes=\"(max-width: 139px) 100vw, 139px\" \/><\/a>ou \u00e9veil \u00e0 la foi : <\/span><\/strong><\/span><\/h2>\n<\/li>\n<\/ul>\n<p><span style=\"color: #800000;\"><strong>Le service M\u00e9diatech&rsquo;21 du Dioc\u00e8se de Dijon vous pr\u00e9sente pour l&rsquo;annonce de l\u2019\u00c9vangile, le lancement d&rsquo;une collection de livres tactiles + CD destin\u00e9e \u00e0 des enfants de 3 &#8211; 7 ans et aux mal-voyants. <\/strong><\/span><\/p>\n<p><span style=\"color: #800000;\"><strong>Sont d\u00e9j\u00e0 parus :<\/strong><\/span><\/p>\n<ul>\n<li><span style=\"color: #800000;\"><strong> Zach\u00e9e<\/strong><\/span><\/li>\n<li><span style=\"color: #800000;\"><strong>la brebis perdue<\/strong><\/span><\/li>\n<li><span style=\"color: #800000;\"><strong>No\u00ebl\u00a0 <\/strong><\/span><\/li>\n<li><strong><span style=\"color: #800000;\">L&rsquo;appel des douze<\/span><\/strong><\/li>\n<\/ul>\n<p><span style=\"color: #800000;\"><strong>Ces livres sont disponibles pour le pr\u00eat au service M\u00e9diatech&rsquo;21, n&rsquo;h\u00e9sitez pas \u00e0 venir les emprunter ou \u00e0 en commander !<\/strong><\/span><\/p>\n<h3><a href=\"https:\/\/drive.google.com\/open?id=1UGu7fbDN0gczKeFzOpzjcf5QJi39CohG\" target=\"_blank\" rel=\"noopener\"><span style=\"color: #800000;\"><strong>\u00a0 T\u00e9l\u00e9chargez le bon de commande<\/strong><\/span><\/a><\/h3>\n","protected":false},"excerpt":{"rendered":"<p>Collection TACTIL\u2019EVANGILE, sp\u00e9cial PCS ou \u00e9veil \u00e0 la foi, un petit nouveau arrive pour P\u00e2ques 2019\u00a0 : apr\u00e8s Zach\u00e9e, la brebis perdue et No\u00ebl, voici L\u2019appel des 12. Pour le commander, cliquez ici Ces documents sont aussi disponibles pour le pr\u00eat au service M\u00e9diatech&rsquo;21. N&rsquo;h\u00e9sitez pas \u00e0 les utiliser ! D\u00e9couvrez une vid\u00e9o de la &hellip; <\/p>\n<p><a class=\"more-link btn\" href=\"https:\/\/www.mediatech21.fr\/?page_id=623\">Lire la suite<\/a><\/p>\n","protected":false},"author":1,"featured_media":0,"parent":0,"menu_order":0,"comment_status":"open","ping_status":"open","template":"","meta":{"footnotes":""},"_links":{"self":[{"href":"https:\/\/www.mediatech21.fr\/index.php?rest_route=\/wp\/v2\/pages\/623"}],"collection":[{"href":"https:\/\/www.mediatech21.fr\/index.php?rest_route=\/wp\/v2\/pages"}],"about":[{"href":"https:\/\/www.mediatech21.fr\/index.php?rest_route=\/wp\/v2\/types\/page"}],"author":[{"embeddable":true,"href":"https:\/\/www.mediatech21.fr\/index.php?rest_route=\/wp\/v2\/users\/1"}],"replies":[{"embeddable":true,"href":"https:\/\/www.mediatech21.fr\/index.php?rest_route=%2Fwp%2Fv2%2Fcomments&post=623"}],"version-history":[{"count":12,"href":"https:\/\/www.mediatech21.fr\/index.php?rest_route=\/wp\/v2\/pages\/623\/revisions"}],"predecessor-version":[{"id":1210,"href":"https:\/\/www.mediatech21.fr\/index.php?rest_route=\/wp\/v2\/pages\/623\/revisions\/1210"}],"wp:attachment":[{"href":"https:\/\/www.mediatech21.fr\/index.php?rest_route=%2Fwp%2Fv2%2Fmedia&parent=623"}],"curies":[{"name":"wp","href":"https:\/\/api.w.org\/{rel}","templated":true}]}}