{"id":560,"date":"2015-10-02T11:02:23","date_gmt":"2015-10-02T09:02:23","guid":{"rendered":"http:\/\/www.mediadoc21.fr\/?page_id=560"},"modified":"2015-10-02T14:40:38","modified_gmt":"2015-10-02T12:40:38","slug":"avent-2015","status":"publish","type":"page","link":"https:\/\/www.mediatech21.fr\/?page_id=560","title":{"rendered":"Avent 2015"},"content":{"rendered":"<p>Pour aider les enfants \u00e0 se pr\u00e9parer \u00e0 No\u00ebl, nous vous proposons un <a href=\"https:\/\/drive.google.com\/file\/d\/0ByqAXIuipkt8RVpzNWhmRUI1R28\/view?usp=sharing\" target=\"_blank\">calendrier de l&rsquo;Avent<\/a>, accompagn\u00e9 d&rsquo;un livret. Il est au prix de 3\u20ac et est \u00e0 commander aupr\u00e8s sur <a href=\"http:\/\/www.mediadoc21.fr\/?page_id=85\" target=\"_blank\">service M\u00e9diatech&rsquo;21<\/a>.<\/p>\n<p><a href=\"https:\/\/drive.google.com\/file\/d\/0ByqAXIuipkt8V3BzQjhkMHpCMTQ\/view?usp=sharing\" target=\"_blank\">T\u00e9l\u00e9chargez le bon de commande<\/a><\/p>\n","protected":false},"excerpt":{"rendered":"<p>Pour aider les enfants \u00e0 se pr\u00e9parer \u00e0 No\u00ebl, nous vous proposons un calendrier de l&rsquo;Avent, accompagn\u00e9 d&rsquo;un livret. Il est au prix de 3\u20ac et est \u00e0 commander aupr\u00e8s sur service M\u00e9diatech&rsquo;21. T\u00e9l\u00e9chargez le bon de commande<\/p>\n","protected":false},"author":1,"featured_media":0,"parent":0,"menu_order":0,"comment_status":"open","ping_status":"open","template":"","meta":{"footnotes":""},"_links":{"self":[{"href":"https:\/\/www.mediatech21.fr\/index.php?rest_route=\/wp\/v2\/pages\/560"}],"collection":[{"href":"https:\/\/www.mediatech21.fr\/index.php?rest_route=\/wp\/v2\/pages"}],"about":[{"href":"https:\/\/www.mediatech21.fr\/index.php?rest_route=\/wp\/v2\/types\/page"}],"author":[{"embeddable":true,"href":"https:\/\/www.mediatech21.fr\/index.php?rest_route=\/wp\/v2\/users\/1"}],"replies":[{"embeddable":true,"href":"https:\/\/www.mediatech21.fr\/index.php?rest_route=%2Fwp%2Fv2%2Fcomments&post=560"}],"version-history":[{"count":2,"href":"https:\/\/www.mediatech21.fr\/index.php?rest_route=\/wp\/v2\/pages\/560\/revisions"}],"predecessor-version":[{"id":573,"href":"https:\/\/www.mediatech21.fr\/index.php?rest_route=\/wp\/v2\/pages\/560\/revisions\/573"}],"wp:attachment":[{"href":"https:\/\/www.mediatech21.fr\/index.php?rest_route=%2Fwp%2Fv2%2Fmedia&parent=560"}],"curies":[{"name":"wp","href":"https:\/\/api.w.org\/{rel}","templated":true}]}}