{"id":397,"date":"2014-03-27T18:36:09","date_gmt":"2014-03-27T16:36:09","guid":{"rendered":"http:\/\/www.mediadoc21.fr\/?page_id=397"},"modified":"2019-12-05T18:34:54","modified_gmt":"2019-12-05T16:34:54","slug":"catechisme-du-diocese-de-dijon-il-est-le-chemin-la-verite-la-vie-jesus-le-christ","status":"publish","type":"page","link":"https:\/\/www.mediatech21.fr\/?page_id=397","title":{"rendered":"Il est le Chemin, la V\u00e9rit\u00e9, la Vie"},"content":{"rendered":"<h3><span style=\"color: #800000;\">Connaissez-vous les diff\u00e9rents documents cat\u00e9ch\u00e9tiques en lien avec le cat\u00e9chisme du dioc\u00e8se de Dijon, \u00ab\u00a0Il est le Chemin, la V\u00e9rit\u00e9, la Vie\u00a0\u00bb ?<\/span><\/h3>\n<ul>\n<li>\n<h3><span style=\"color: #3366ff;\">Pour les ann\u00e9es primaire :<\/span><\/h3>\n<ul>\n<li>\n<h3><span style=\"color: #3366ff;\">Viens et tu verras ! (8-9 ans)<\/span><\/h3>\n<\/li>\n<li>\n<h3><span style=\"color: #3366ff;\">Confiance, Il t&rsquo;appelle ! (9-10 ans)<\/span><\/h3>\n<\/li>\n<li>\n<h3><span style=\"color: #3366ff;\">Pour toi, qui suis-je ? (10-11 ans)<\/span><\/h3>\n<\/li>\n<\/ul>\n<\/li>\n<li>\n<h3><span style=\"color: #99cc00;\">Pour les ann\u00e9es coll\u00e8ge :<\/span><\/h3>\n<ul>\n<li>\n<h3><span style=\"color: #99cc00;\">En chemin vers le Messie (11-12 ans)<\/span><\/h3>\n<\/li>\n<li>\n<h3><span style=\"color: #99cc00;\">J\u00e9sus-Christ est la V\u00e9rit\u00e9 (12-13 ans)<\/span><\/h3>\n<\/li>\n<\/ul>\n<\/li>\n<li>\n<h3><span style=\"color: #ff9900;\">Pour vivre les sacrements : J\u00e9sus te donne sa vie (7-13 ans)<\/span><\/h3>\n<\/li>\n<\/ul>\n<h3><span style=\"color: #800000;\">Ils sont en vente dans toutes les librairies chr\u00e9tiennes de France (La Procure, Silo\u00eb, etc&#8230;), vous pouvez aussi les commander chez votre libraire habituel ou par internet sur le <a style=\"color: #800000;\" href=\"https:\/\/www.lemondedetheo.fr\/CT-590-le-seneve.aspx\" target=\"_blank\" rel=\"noopener\">site\u00a0 de la librairie \u00ab\u00a0Le monde de Th\u00e9o\u00a0\u00bb<\/a> ou sur le <a style=\"color: #800000;\" href=\"https:\/\/www.laprocure.com\/recherches\/resultats.html\" target=\"_blank\" rel=\"noopener\">site de La Procure<\/a><\/span><\/h3>\n<p>&nbsp;<\/p>\n<h2>[important]<span style=\"color: #666699;\">F\u00e9vrier &#8211; Mars 2017 : visites pastorales de Monseigneur Minnerath, archev\u00eaque de Dijon, aupr\u00e8s des cat\u00e9chistes du dioc\u00e8se ! Bienvenue \u00e0 vous, cat\u00e9chistes, sur notre blog et bonne visite !<\/span>[\/important]<\/h2>\n<p>&nbsp;<\/p>\n<p>&nbsp;<\/p>\n<p>En juin 2012, un nouveau cat\u00e9chisme \u00ab\u00a0pour tous les \u00e2ges\u00a0\u00bb a vu le jour dans le Dioc\u00e8se de Dijon, sous la direction de Monseigneur Roland Minnerath.<img decoding=\"async\" loading=\"lazy\" class=\"photoproduit alignright\" title=\"Cliquez pour agrandir l'image\" src=\"http:\/\/www.librairiecatholique.com\/pfs\/vignettes\/FIC106599HAB40.jpg\" alt=\"Il est le Chemin, la V\u00e9rit\u00e9, la Vie\" width=\"89\" height=\"126\" \/><\/p>\n<p><strong><em>Il est le Chemin, la V\u00e9rit\u00e9, la Vie. J\u00e9sus, le Christ<\/em><\/strong>,\u00a0est\u00a0un cat\u00e9chisme pour tous les \u00e2ges, original par sa double entr\u00e9e par \u00e2ge et par \u00e9tape de la vie chr\u00e9tienne. Il s&rsquo;agit d&rsquo;un expos\u00e9 de la foi catholique en trois parties correspondant aux trois grandes \u00e9tapes de toute vie chr\u00e9tienne : premi\u00e8re annonce, d\u00e9couverte et vie dans le Christ et dans l&rsquo;Eglise. Elles structurent 82 expos\u00e9s montrant l&rsquo;unit\u00e9 organique catholique, permettant un acc\u00e8s progressif qui correspond aux \u00e2ges de la vie pour accueillir, accompagner et faire grandir enfants et adultes dans la foi.<\/p>\n<p>Cet ouvrage est maintenant accompagn\u00e9 de plusieurs cahiers et de fiches d&rsquo;animation pour les cat\u00e9chistes primaire et pour les animateurs des 6\u00e8me-5\u00e8me. D&rsquo;autres sont en cours de r\u00e9daction. Pour en savoir plus,<a href=\"https:\/\/drive.google.com\/file\/d\/0BwNgGlkIBuuzUzBySEczSm03NVE\/view?usp=sharing\" target=\"_blank\" rel=\"noopener\"> cliquez ici<\/a>.<\/p>\n<p>Tous ces ouvrages sont \u00e9dit\u00e9s par les <a href=\"http:\/\/www.librairiecatholique.com\/t_editeur\/le-seneve-76.asp\" target=\"_blank\" rel=\"noopener\">\u00e9ditions du S\u00e9nev\u00e9<\/a>.<\/p>\n<p>&nbsp;<\/p>\n","protected":false},"excerpt":{"rendered":"<p>Connaissez-vous les diff\u00e9rents documents cat\u00e9ch\u00e9tiques en lien avec le cat\u00e9chisme du dioc\u00e8se de Dijon, \u00ab\u00a0Il est le Chemin, la V\u00e9rit\u00e9, la Vie\u00a0\u00bb ? Pour les ann\u00e9es primaire : Viens et tu verras ! (8-9 ans) Confiance, Il t&rsquo;appelle ! (9-10 ans) Pour toi, qui suis-je ? (10-11 ans) Pour les ann\u00e9es coll\u00e8ge : En chemin &hellip; <\/p>\n<p><a class=\"more-link btn\" href=\"https:\/\/www.mediatech21.fr\/?page_id=397\">Lire la suite<\/a><\/p>\n","protected":false},"author":1,"featured_media":0,"parent":0,"menu_order":1,"comment_status":"open","ping_status":"open","template":"","meta":{"footnotes":""},"_links":{"self":[{"href":"https:\/\/www.mediatech21.fr\/index.php?rest_route=\/wp\/v2\/pages\/397"}],"collection":[{"href":"https:\/\/www.mediatech21.fr\/index.php?rest_route=\/wp\/v2\/pages"}],"about":[{"href":"https:\/\/www.mediatech21.fr\/index.php?rest_route=\/wp\/v2\/types\/page"}],"author":[{"embeddable":true,"href":"https:\/\/www.mediatech21.fr\/index.php?rest_route=\/wp\/v2\/users\/1"}],"replies":[{"embeddable":true,"href":"https:\/\/www.mediatech21.fr\/index.php?rest_route=%2Fwp%2Fv2%2Fcomments&post=397"}],"version-history":[{"count":28,"href":"https:\/\/www.mediatech21.fr\/index.php?rest_route=\/wp\/v2\/pages\/397\/revisions"}],"predecessor-version":[{"id":1175,"href":"https:\/\/www.mediatech21.fr\/index.php?rest_route=\/wp\/v2\/pages\/397\/revisions\/1175"}],"wp:attachment":[{"href":"https:\/\/www.mediatech21.fr\/index.php?rest_route=%2Fwp%2Fv2%2Fmedia&parent=397"}],"curies":[{"name":"wp","href":"https:\/\/api.w.org\/{rel}","templated":true}]}}

Il est le Chemin, la Vérité, la Vie

<h3><span style="color: #800000;">Connaissez-vous les différents documents catéchétiques en lien avec le catéchisme du diocèse de Dijon, « Il est le Chemin, la Vérité, la Vie » ?</span></h3>
<ul>
<li>
<h3><span style="color: #3366ff;">Pour les années primaire :</span></h3>
<ul>
<li>
<h3><span style="color: #3366ff;">Viens et tu verras ! (8-9 ans)</span></h3>
</li>
<li>
<h3><span style="color: #3366ff;">Confiance, Il t&rsquo;appelle ! (9-10 ans)</span></h3>
</li>
<li>
<h3><span style="color: #3366ff;">Pour toi, qui suis-je ? (10-11 ans)</span></h3>
</li>
</ul>
</li>
<li>
<h3><span style="color: #99cc00;">Pour les années collège :</span></h3>
<ul>
<li>
<h3><span style="color: #99cc00;">En chemin vers le Messie (11-12 ans)</span></h3>
</li>
<li>
<h3><span style="color: #99cc00;">Jésus-Christ est la Vérité (12-13 ans)</span></h3>
</li>
</ul>
</li>
<li>
<h3><span style="color: #ff9900;">Pour vivre les sacrements : Jésus te donne sa vie (7-13 ans)</span></h3>
</li>
</ul>
<h3><span style="color: #800000;">Ils sont en vente dans toutes les librairies chrétiennes de France (La Procure, Siloë, etc&#8230;), vous pouvez aussi les commander chez votre libraire habituel ou par internet sur le <a style="color: #800000;" href="https://www.lemondedetheo.fr/CT-590-le-seneve.aspx" target="_blank" rel="noopener">site  de la librairie « Le monde de Théo »</a> ou sur le <a style="color: #800000;" href="https://www.laprocure.com/recherches/resultats.html" target="_blank" rel="noopener">site de La Procure</a></span></h3>
<p>&nbsp;</p>
<h2>[important]<span style="color: #666699;">Février &#8211; Mars 2017 : visites pastorales de Monseigneur Minnerath, archevêque de Dijon, auprès des catéchistes du diocèse ! Bienvenue à vous, catéchistes, sur notre blog et bonne visite !</span>[/important]</h2>
<p>&nbsp;</p>
<p>&nbsp;</p>
<p>En juin 2012, un nouveau catéchisme « pour tous les âges » a vu le jour dans le Diocèse de Dijon, sous la direction de Monseigneur Roland Minnerath.<img decoding="async" loading="lazy" class="photoproduit alignright" title="Cliquez pour agrandir l'image" src="http://www.librairiecatholique.com/pfs/vignettes/FIC106599HAB40.jpg" alt="Il est le Chemin, la Vérité, la Vie" width="89" height="126" /></p>
<p><strong><em>Il est le Chemin, la Vérité, la Vie. Jésus, le Christ</em></strong>, est un catéchisme pour tous les âges, original par sa double entrée par âge et par étape de la vie chrétienne. Il s&rsquo;agit d&rsquo;un exposé de la foi catholique en trois parties correspondant aux trois grandes étapes de toute vie chrétienne : première annonce, découverte et vie dans le Christ et dans l&rsquo;Eglise. Elles structurent 82 exposés montrant l&rsquo;unité organique catholique, permettant un accès progressif qui correspond aux âges de la vie pour accueillir, accompagner et faire grandir enfants et adultes dans la foi.</p>
<p>Cet ouvrage est maintenant accompagné de plusieurs cahiers et de fiches d&rsquo;animation pour les catéchistes primaire et pour les animateurs des 6ème-5ème. D&rsquo;autres sont en cours de rédaction. Pour en savoir plus,<a href="https://drive.google.com/file/d/0BwNgGlkIBuuzUzBySEczSm03NVE/view?usp=sharing" target="_blank" rel="noopener"> cliquez ici</a>.</p>
<p>Tous ces ouvrages sont édités par les <a href="http://www.librairiecatholique.com/t_editeur/le-seneve-76.asp" target="_blank" rel="noopener">éditions du Sénevé</a>.</p>
<p>&nbsp;</p>

<p>Connaissez-vous les différents documents catéchétiques en lien avec le catéchisme du diocèse de Dijon, « Il est le Chemin, la Vérité, la Vie » ? Pour les années primaire : Viens et tu verras ! (8-9 ans) Confiance, Il t&rsquo;appelle ! (9-10 ans) Pour toi, qui suis-je ? (10-11 ans) Pour les années collège : En chemin &hellip; </p>
<p><a class="more-link btn" href="https://www.mediatech21.fr/?page_id=397">Lire la suite</a></p>
