{"id":298,"date":"2013-06-27T17:23:10","date_gmt":"2013-06-27T15:23:10","guid":{"rendered":"http:\/\/www.mediadoc21.fr\/?page_id=298"},"modified":"2013-06-27T17:23:10","modified_gmt":"2013-06-27T15:23:10","slug":"fiches-sacrements","status":"publish","type":"page","link":"https:\/\/www.mediatech21.fr\/?page_id=298","title":{"rendered":"Fiches Sacrements"},"content":{"rendered":"<p><a title=\"Cat\u00e9chum\u00e9nat\" href=\"https:\/\/docs.google.com\/file\/d\/0ByqAXIuipkt8OTJabEFDaTVtQUk\/edit?pli=1\" target=\"_blank\">Cat\u00e9chum\u00e9nat<\/a><\/p>\n<p><a title=\"confirmation\" href=\"https:\/\/docs.google.com\/file\/d\/0ByqAXIuipkt8S1ZZT21odURtNnc\/edit?pli=1\" target=\"_blank\">Confirmation<\/a><\/p>\n<p><a title=\"couple\" href=\"https:\/\/docs.google.com\/file\/d\/0ByqAXIuipkt8ei1DSWlGZzJ1ZEE\/edit?pli=1\" target=\"_blank\">Le couple, un si beau myst\u00e8re<\/a><\/p>\n<p><a title=\"mariage\" href=\"https:\/\/docs.google.com\/file\/d\/0ByqAXIuipkt8VnMzbjF4aDQwc3M\/edit?pli=1\" target=\"_blank\">Les piliers du mariage<\/a><\/p>\n<p><a title=\"celebration mariage\" href=\"https:\/\/docs.google.com\/file\/d\/0ByqAXIuipkt8ZXRTdlBCLU5BUEU\/edit?pli=1\" target=\"_blank\">C\u00e9l\u00e9bration de mariage<\/a><\/p>\n<p><a title=\"preparation bapteme\" href=\"https:\/\/docs.google.com\/file\/d\/0ByqAXIuipkt8ak0yUjY2Zk10NHM\/edit?pli=1\" target=\"_blank\">Pr\u00e9paration bapt\u00eame<\/a><\/p>\n","protected":false},"excerpt":{"rendered":"<p>Cat\u00e9chum\u00e9nat Confirmation Le couple, un si beau myst\u00e8re Les piliers du mariage C\u00e9l\u00e9bration de mariage Pr\u00e9paration bapt\u00eame<\/p>\n","protected":false},"author":1,"featured_media":0,"parent":105,"menu_order":0,"comment_status":"open","ping_status":"open","template":"","meta":{"footnotes":""},"_links":{"self":[{"href":"https:\/\/www.mediatech21.fr\/index.php?rest_route=\/wp\/v2\/pages\/298"}],"collection":[{"href":"https:\/\/www.mediatech21.fr\/index.php?rest_route=\/wp\/v2\/pages"}],"about":[{"href":"https:\/\/www.mediatech21.fr\/index.php?rest_route=\/wp\/v2\/types\/page"}],"author":[{"embeddable":true,"href":"https:\/\/www.mediatech21.fr\/index.php?rest_route=\/wp\/v2\/users\/1"}],"replies":[{"embeddable":true,"href":"https:\/\/www.mediatech21.fr\/index.php?rest_route=%2Fwp%2Fv2%2Fcomments&post=298"}],"version-history":[{"count":1,"href":"https:\/\/www.mediatech21.fr\/index.php?rest_route=\/wp\/v2\/pages\/298\/revisions"}],"predecessor-version":[{"id":299,"href":"https:\/\/www.mediatech21.fr\/index.php?rest_route=\/wp\/v2\/pages\/298\/revisions\/299"}],"up":[{"embeddable":true,"href":"https:\/\/www.mediatech21.fr\/index.php?rest_route=\/wp\/v2\/pages\/105"}],"wp:attachment":[{"href":"https:\/\/www.mediatech21.fr\/index.php?rest_route=%2Fwp%2Fv2%2Fmedia&parent=298"}],"curies":[{"name":"wp","href":"https:\/\/api.w.org\/{rel}","templated":true}]}}